*z, 1939 = 2*k - k - 5*z. What is the tens digit of k?
2
Suppose 1 - 5 = -3*u - 2*p, -3*p - 3 = 0. Suppose -u*g + 3*g = -26. Let b = 48 + g. What is the tens digit of b?
2
Suppose 4*f - 2*f + 18 = 0. Let m = f - -12. Suppose -6*g - 3*j = -m*g - 12, -j - 2 = -5*g. What is the units digit of g?
1
Suppose a - 6 + 3 = 0. Suppose -16 - 33 = -h + u, -4*u = a*h - 119. What is the units digit of h?
5
Suppose 3*u + 9 = -6. Let j(p) = 2*p + 14. Let m be j(u). What is the tens digit of (-1818)/(-45) - m/10?
4
Suppose -415*z + 427*z = 72648. What is the units digit of z?
4
Let s be 1/(3*1/(-3)). What is the hundreds digit of -7 - -7 - (-155)/(s + 2)?
1
Suppose 38*r - 40*r - 6542 = -3*z, 0 = 5*z + 3*r - 10935. What is the units digit of z?
4
What is the thousands digit of 10540/8 - (-2 + 4/8)?
1
Let u be 3942/30 + 4/(20/3). Let q = u + -92. What is the units digit of q?
0
Let v be 2 + 5 + 1/(-1). What is the tens digit of -6*-172*1/v?
7
What is the units digit of 12/(-21) + (49440/35)/1?
2
Suppose 26 + 22 = -4*j. Let v = j - -112. What is the tens digit of v?
0
Let z(s) be the third derivative of s**6/120 - 17*s**5/60 + 5*s**4/6 + 9*s**3/2 - 2*s**2. What is the tens digit of z(16)?
9
Let x = 13 - 11. Let l(j) = -j + 12*j**x + j + 3*j - 5*j**2. What is the tens digit of l(-2)?
2
Let f(l) = -5*l**3 + 3*l**2 - 7*l - 8. What is the tens digit of f(-3)?
7
Suppose -7 = -f - 4*f - 3*c, 0 = -3*c - 3. Suppose -5*o + m = -149, -4*o - m - f*m = -123. What is the units digit of o?
0
Let l(g) = 0*g**3 + 15*g + 10*g**2 - 22 + g**3 - g - 2*g**3. What is the tens digit of l(10)?
1
Suppose 3*u + 4*n - 20 = 5*u, -5 = -n. Suppose u = 8*l - l - 567. What is the units digit of l?
1
Let w = -38 + 38. Suppose 4*b - 2*b - 50 = w. What is the units digit of b?
5
Let a = 93 - 57. Suppose -2*k = k + a. Let j = k - -31. What is the units digit of j?
9
Let r = -9 + 11. Let n be 6/14 + 243/21. Suppose -r*o + n - 4 = 0, 4*k - 132 = 2*o. What is the tens digit of k?
3
Let r = 138 + 147. Suppose -5*s + r + 20 = 0. What is the tens digit of s?
6
Let j = 558 - 489. What is the tens digit of j?
6
Let y = 13 - 10. Suppose 3*m + f - 226 = 0, -y*f = m - 8*f - 102. What is the units digit of m?
7
Let k(g) = -8*g**3 + 5*g**2 + 9*g**3 - 3*g - 2*g**2 - 9. What is the units digit of k(4)?
1
Let y = 1308 - 677. What is the units digit of y?
1
Suppose -242 = -5*f - 142. Suppose c - 112 - f = 0. What is the tens digit of c?
3
Let d(a) = a**2 + a - 17. Let m be 2*4/(-8)*-1*10. What is the units digit of d(m)?
3
Let y = -7 + 53. Suppose -y = -3*x - 2*q, -x + 3*q + 18 = q. What is the tens digit of x?
1
Suppose -29*g = -9*g - 9360. What is the tens digit of g?
6
Let h be ((-6)/13)/(-3) - 1216/(-208). What is the tens digit of h*(-2)/3 - -184?
8
Let m = -43 - -29. Let n(d) = -d**2 - 14*d + 3. What is the units digit of n(m)?
3
Let w(b) = 54*b - 128. What is the units digit of w(7)?
0
Let g be (4/(-3))/((-10)/165). Let p(w) = -w**2 - 7*w. Let b be p(-6). Suppose b*y - 4*y - g = 0. What is the tens digit of y?
1
Let s(m) be the first derivative of m**4/4 + 4*m**3 + m**2 - 3*m - 27. What is the tens digit of s(-10)?
7
Let f(a) = -41*a + 113. What is the tens digit of f(-18)?
5
Suppose f - 2*k + 252 = 0, -f = -6*f - 5*k - 1185. Let r = 459 + f. What is the units digit of r?
7
Suppose -q + b = -189, 4*b - 360 = -q - q. What is the hundreds digit of q?
1
Suppose -54*n + 87*n - 117282 = 0. What is the thousands digit of n?
3
Let x(j) = 14*j**3 - 4*j**2 + 11*j + 13. What is the thousands digit of x(6)?
2
Suppose -5*j + 2007 = 2*s, s + 3*j - 4007 = -3*s. What is the tens digit of s?
0
Let l be (0*3/(-9))/(-1*3). Suppose -c + 4*u + 76 = l, -u + 4 = c - 97. What is the units digit of c?
6
Suppose 22574 = 39*z - 1021. What is the units digit of z?
5
Let w(n) be the third derivative of 0*n + 0*n**3 - 5*n**2 + 23/60*n**5 + 0 + 0*n**4. What is the tens digit of w(-1)?
2
Let f = 34 + 1014. What is the hundreds digit of f?
0
Let h be -1*(3 + 2)*-1. Let i = h + -15. Let y(s) = s + 21. What is the tens digit of y(i)?
1
Let h = 10 - 11. Let b = 7 + h. What is the units digit of ((-2)/b)/(4/(-108))?
9
Let m be (-5)/(3/(-3) - 0). Suppose 10 - 20 = -m*a. Suppose a*d - 88 = -4*z, 4*z + 0*d - 88 = -3*d. What is the tens digit of z?
2
Suppose 5*l + 4565 = 5*i, -5*i - 7*l + 4592 = -3*l. What is the hundreds digit of i?
9
Suppose -5 = 3*g + 3*i + 16, 4*g - 5*i = 8. Let r be 4/g - (-3)/9. What is the tens digit of 3 - (r + 4 + -42)?
4
Suppose 4*z - 581 = 471. What is the units digit of z?
3
Suppose d = 6*d + 95. Let p = 50 - d. What is the tens digit of p?
6
Let y(c) = c**2 + 2*c + 4. Let l be y(4). Let n(i) = -4*i - 29. Let f be n(-8). Suppose 7*o - l = f*o. What is the units digit of o?
7
Let l(b) = 285*b - 17. Let w(x) = 143*x - 8. Let s(a) = -4*l(a) + 9*w(a). What is the tens digit of s(1)?
4
Suppose -q - 8 = -21. Let h = 14 - q. What is the units digit of -2 - (-4 + -11 + h)?
2
Let u(l) = l**2 + 18*l + 17. Let s be u(-17). Let x be (-1 + 0 - s)/1. What is the units digit of 3/(x*(-3)/23)?
3
Let n(a) = a**3 + 17*a**2 - 12*a - 30. Let f be n(-17). Let o = f - 67. What is the tens digit of o?
0
Let k(q) = q**2 - 16*q + 4. Let x be k(16). Suppose -46*m + 44*m = -x. Suppose -116 = -4*a + 4*i, 0 = 3*i - m - 13. What is the units digit of a?
4
Let z(i) = i**3 - 10*i**2 + 10*i - 12. Suppose -3 + 12 = m. Let l be z(m). What is the units digit of -7*(l + -3) - 2?
0
Let z(p) = p**3 - 2*p**2 + p + 22. Let d be z(0). Suppose 0 = -5*u + d*u - 238. What is the tens digit of u?
1
Let o(h) = 25*h**2 + 4*h + 18. What is the tens digit of o(-3)?
3
What is the tens digit of (9 - (-16)/4)/((-5)/(-115))?
9
Let v(h) = 8*h**2 - 2*h + h**3 - 5 - 3*h - 2 + 9*h. Let r be v(-7). Suppose -2*o = 5*p - o - 78, o - r = -p. What is the tens digit of p?
1
Let f(i) = i**3 + 28*i**2 + 41*i - 9. What is the tens digit of f(-7)?
3
Suppose 0*x - 2*x - 2*p = -4, -3*x - 2*p + 1 = 0. What is the tens digit of (-14)/x*(5 + 13)?
8
Let m(g) = -g**3 - 6*g**2 - 2*g. Let f be m(-6). What is the tens digit of 1 - -19 - f/4*-1?
2
Suppose 0 = 4*j - 21 - 19. Let l be ((-12)/(-10))/((-2)/j). What is the units digit of (4/l)/((-14)/252)?
2
Let x be (-18)/10*(-10)/3. Let p = 8 - x. Suppose 4*b + 4*v = 44, p*v - 1 - 3 = 0. What is the units digit of b?
9
Let u = 87 + 69. Suppose 2*i + 3*s = 49 + 27, -4*i = 5*s - u. What is the tens digit of i?
4
Let h be (-6)/(-21) + 19/7. Suppose -h*u = 4*a + 1, -2*a - a = -5*u - 21. Suppose 0*y - a*y + 32 = 0. What is the tens digit of y?
1
Suppose -13 + 37 = 8*q. Suppose 3*c - 3 = q. Suppose 0*o + c*o - 18 = 0. What is the units digit of o?
9
Let v be (0 - -3*1)/(-73 - -76). Let l = 262 - v. What is the tens digit of l?
6
Let s be ((-20)/6)/((-4)/(-12)). Let o = -1 - s. Let n = o - 8. What is the units digit of n?
1
Let c = 226 - 99. What is the hundreds digit of c?
1
Let h(u) = -u**2 + 4*u + 17. Let m be h(6). What is the tens digit of 1743/28 + m/(-4)?
6
Let u be 5 + 152/(1*(-2 + 4)). Suppose 3 + 3 = x. Suppose -q = -4*w - u, 4*w = q + x*w - 57. What is the units digit of q?
5
Suppose -b + 597 = 2*b. Suppose 3*d - 162 = -4*x, 0 = -x + 6*x + 2*d - b. What is the tens digit of x?
3
Let y be (-4)/(-3)*(-27)/(-6). What is the tens digit of ((-27)/6)/((-1)/y)?
2
Suppose 12*q - 630 = 3*q. What is the tens digit of q?
7
Let i(f) = -f**2 - 23*f + 15. Let b be i(-23). Suppose 0*t - 4*w + 28 = -t, -5*w + 25 = 0. Let y = b + t. What is the units digit of y?
7
Let t(j) = j**3 + 4*j**2 + 2*j + 2. Let i be t(-3). Suppose -i*n - n = -18. Suppose 4*k = -n*k + 63. What is the units digit of k?
9
Let c(v) = -v + 5. Let x be c(5). Let a(k) = 5*k + 2. Let w be a(2). Suppose 0 = -4*u - x*j - j + 20, 4*u + 3*j = w. What is the units digit of u?
6
Suppose -4*k = 8, 5*k + 1618 = 4*o - 2*o. What is the tens digit of o?
0
Suppose 0 = -40*c - 26*c + 78408. What is the units digit of c?
8
Let h(l) = -l**3 + l - 1. Let k(d) = -23*d**3 - 6*d + 3. Let a(m) = 5*h(m) + k(m). What is the tens digit of a(-1)?
2
Suppose 0 = 5*l - 8 - 27. Suppose -l = -g + 17. What is the units digit of g?
4
Let p = -142 - -130. What is the tens digit of (1 - (-44)/p)*81/(-12)?
1
Suppose 2*c - 3702 = -1066. What is the hundreds digit of c?
3
Suppose y = s + 7, -s + 3 = 5*y - y. Suppose -y*x + 3